44?
-1447
In base 7, what is 134 + 3?
140
In base 2, what is 101100 - -1011?
110111
In base 12, what is -62b + -26?
-655
In base 16, what is -1d4 - 8?
-1dc
In base 4, what is -2 - -111?
103
In base 4, what is 31 - -33?
130
In base 4, what is 202 - -20010?
20212
In base 15, what is -18ee + 4?
-18ea
In base 5, what is -2240 + -32?
-2322
In base 14, what is 62 - 15?
4b
In base 10, what is 1520 + 0?
1520
In base 13, what is 8 - -34?
3c
In base 2, what is -10 + -10000000?
-10000010
In base 2, what is -1010001100 + 11?
-1010001001
In base 5, what is -3010 + 2?
-3003
In base 15, what is 27e3 + -4?
27de
In base 6, what is 3 - -521?
524
In base 8, what is -1 - 6570?
-6571
In base 2, what is 10001110111 + 11?
10001111010
In base 6, what is -23 + 11?
-12
In base 3, what is -121 + -121?
-1012
In base 8, what is 13 - 116?
-103
In base 5, what is -414310 - 0?
-414310
In base 9, what is -3685 - 2?
-3687
In base 6, what is 3 - 305?
-302
In base 15, what is 4b0 - 4?
4ab
In base 16, what is -3 - -1ed?
1ea
In base 10, what is -4 - 1042?
-1046
In base 6, what is -5 + -31?
-40
In base 14, what is -1 + 38?
37
In base 8, what is -1 + -31?
-32
In base 9, what is -38851 + -2?
-38853
In base 16, what is -2a - 2?
-2c
In base 16, what is 3 - -d4b?
d4e
In base 2, what is 1100 - -1100?
11000
In base 6, what is 20020 - 15?
20001
In base 14, what is d + -58d?
-580
In base 8, what is 5 + -63?
-56
In base 7, what is -263 - -4?
-256
In base 5, what is 12244 + 10?
12304
In base 7, what is 1141 + 2?
1143
In base 16, what is 295 + 5?
29a
In base 7, what is -6664 + 3?
-6661
In base 8, what is -15 - -362?
345
In base 13, what is -1b5 + 2?
-1b3
In base 2, what is -101101010 - -101?
-101100101
In base 10, what is -337 - -19?
-318
In base 12, what is -477 + 0?
-477
In base 6, what is 21304 - 0?
21304
In base 5, what is 402401 + 1?
402402
In base 4, what is -2013 + -31?
-2110
In base 6, what is -1 + -513?
-514
In base 8, what is 0 - 4?
-4
In base 5, what is -2220 - 0?
-2220
In base 4, what is 0 + -3300?
-3300
In base 15, what is 1c + -1ed?
-1d1
In base 10, what is 2 - -180?
182
In base 2, what is -10010101011110 - -10?
-10010101011100
In base 2, what is 1000 - 111?
1
In base 3, what is -210022212 + 10?
-210022202
In base 10, what is 4156 + 5?
4161
In base 13, what is -2 + 683?
681
In base 8, what is 4 - 2155?
-2151
In base 10, what is -10881 - 5?
-10886
In base 8, what is 0 + 52?
52
In base 7, what is -203 - -1?
-202
In base 12, what is -760a + 3?
-7607
In base 8, what is 657 - -46?
725
In base 2, what is 10000001101 + -1?
10000001100
In base 13, what is 1 - 9?
-8
In base 3, what is -102002001 + 2?
-102001222
In base 15, what is -4 + -30?
-34
In base 13, what is -1ab - 1?
-1ac
In base 14, what is -6d - 1?
-70
In base 15, what is 2ec0 - 4?
2ebb
In base 16, what is 256f + -3?
256c
In base 3, what is 2 + -12012?
-12010
In base 14, what is 0 + 124b?
124b
In base 3, what is -21221 - -1122?
-20022
In base 14, what is 11 + -5?
a
In base 2, what is -10 - -10111101?
10111011
In base 13, what is 2 - -394?
396
In base 8, what is -5 - 1315?
-1322
In base 6, what is 220 - -5?
225
In base 7, what is 15 - -13?
31
In base 6, what is -3543 + 3?
-3540
In base 9, what is 106477 + -1?
106476
In base 10, what is 203 - 11?
192
In base 14, what is -17 + -148?
-161
In base 16, what is 2 - 2e6?
-2e4
In base 16, what is -1 - 1e1?
-1e2
In base 6, what is -1 + 1114?
1113
In base 14, what is 54 + -57?
-3
In base 7, what is 5 - -3633?
3641
In base 2, what is 110111 - -1001?
1000000
In base 7, what is -424 - 40?
-464
In base 12, what is -2 - -a8?
a6
In base 9, what is 4 - -82?
86
In base 4, what is -111 - 11?
-122
In base 7, what is 43 - 30?
13
In base 15, what is 28b9 + -5?
28b4
In base 12, what is 137b + 3?
1382
In base 9, what is 2708 + 4?
2713
In base 3, what is 0 - 1121202?
-1121202
In base 2, what is -1010 + 1101011?
1100001
In base 12, what is 6 - -11?
17
In base 14, what is 20 - -1?
21
In base 15, what is 24b + -4?
247
In base 12, what is 2 - -8?
a
In base 9, what is 665 + -15?
650
In base 8, what is -10 + 114?
104
In base 16, what is -303 + -e?
-311
In base 10, what is -74 + -4?
-78
In base 9, what is 6 + 178?
185
In base 15, what is 30 + -4c?
-1c
In base 7, what is 30 + -22?
5
In base 14, what is 5 + 187?
18c
In base 7, what is 1 - -1300?
1301
In base 3, what is 21 + -2202?
-2111
In base 2, what is -101000010111 - -11?
-101000010100
In base 3, what is -2 + -102?
-111
In base 15, what is 2 + -1207?
-1205
In base 8, what is 5 - -640?
645
In base 2, what is -100 + 10?
-10
In base 13, what is -33 - b6?
-119
In base 12, what is 49 + -2?
47
In base 8, what is -6 - -133?
125
In base 9, what is 3 - 2513?
-2510
In base 5, what is 3 - -3423?
3431
In base 2, what is -101 - 1001111?
-1010100
In base 8, what is -720 - -2?
-716
In base 6, what is 205155 + -1?
205154
In base 12, what is -1a - -8?
-12
In base 15, what is -96 + 1?
-95
In base 5, what is -30 + 320?
240
In base 7, what is 2 - 310?
-305
In base 10, what is -4 - -9?
5
In base 16, what is -1f + 9?
-16
In base 6, what is -13514 + -1?
-13515
In base 10, what is 250 - 1?
249
In base 16, what is -64 + -3?
-67
In base 9, what is -2 + -1570?
-1572
In base 13, what is 3 - -151?
154
In base 5, what is 103314 + 10?
103324
In base 5, what is -1 - 132133?
-132134
In base 10, what is 5 + 19?
24
In base 6, what is -405 + -13?
-422
In base 15, what is -963 - 1?
-964
In base 15, what is 5 - -1c8?
1cd
In base 6, what is 2234 - 0?
2234
In base 7, what is -26 + -104?
-133
In base 6, what is 452 - 315?
133
In base 6, what is 4 - -112?
120
In base 5, what is -22 - -122?
100
In base 16, what is -1 + -d?
-e
In base 15, what is 0 - 1d5?
-1d5
In base 12, what is 6 - -48?
52
In base 5, what is 2103 - -10?
2113
In base 12, what is 3 + 3b0?
3b3
In base 10, what is -621 - -7?
-614
In base 12, what is -3a - 1?
-3b
In base 15, what is d5 + -9?
cb
In base 13, what is -292 + 3?
-28c
In base 5, what is 0 + 20?
20
In base 11, what is 4 - 306?
-302
In base 13, what is 1513 - 5?
150b
In base 12, what is 662 + -4?
65a
In base 4, what is -21 - -203?
122
In base 10, what is 54 - 1?
53
In base 15, what is -6b + 14?
-57
In base 5, what is 3 + -202031?
-202023
In base 4, what is 2 + 203?
211
In base 5, what is 41020 + 3?
41023
In base 9, what is -14 + -60?
-74
In base 5, what is -114 - 223?
-342
In base 11, what is a - 8?
2
In base 13, what is 41 - 3?
3b
In base 8, what is -3 - 6?
-11
In base 10, what is -8 + 3833?
3825
In base 9, what is -11 + 131?
120
In base 15, what is 74 - 5?
6e
In base 16, what is 201 - 17?
1ea
In base 16, what is 1097 - 1?
1096
In base 7, what is 31 - -203?
234
In base 6, what is -12 + 13?
1
In base 5, what is 2 + 2142?
2144
In base 3, what is 12 + 1121?
1210
In base 9, what is -4 + 0?
-4
In base 13, what is 0 + 54?
54
In base 11, what is -4 - -40?
37
In base 13, what is -41 - 51?
-92
In base 11, what is -3 + -260a?
-2612
In base 11, what is 2897 + 4?
28a0
In base 16, what is -2e1 - -4?
-2dd
In base 9, what is -2 + 25?
23
In base 10, what is -29 - -50?
21
In base 12, what is -17 + 134?
119
In base 12, what is 195 + -2?
193
In base 2, what is 1 + -1011?
-1010
In base 15, what is 9 + -20d?
-204
In base 14, what is 1 - 1587?
-1586
In base 15, what is -6 + 49d?
497
In base 12, what is -29 + -20?
-49
In base 8, what is -5 + 354?
347
In base 8, what is 14 + -16?
-2
In base 7, what is 122 + -2?
120
In base 5, what is 24240 + -2?
24233
In base 14, what is 2cc6 + 1?
2cc7
In base 3, what is -101101 + 1?
-101100
In base 7, what is 523 + -1?
522
In base 8, what is 23 + -2?
21
In base 5, what is -32 + 131?
44
In base 15, what is 1 - 201?
-200
In base 6, what is 3 - -103?
110
In base 4, what is -230 - 331?
-1221
In base 4, what is -1030 + -3?
-1033
In base 8, what is -15 + 160?
143
In base 4, what is 10 + -223021?
-223011
In base 13, what is -4 - cc?
-103
In base 4, what is -3 - 2?
-11
In base 12, what is -16 - -6?
-10
In base 7, what is 556 - 5?
551
In base 13, what is -85 - -10?
-75
In base 14, what is -11 - 105?
-116
In base 2, what is -101 - -11010110011?
11010101110
In base 12, what is -743 + 2?
-741
In base 2, what is -1011 + 110010101?
110001010
In base 14, what is -5 + c1?
ba
In base 11, what is 77 - 2?
75
In base 12, what is -1 - -2b62?
2b61
In base 4, what is 1 + -103313?
-10331